{"id":6367,"date":"2020-05-06T10:24:02","date_gmt":"2020-05-06T10:24:02","guid":{"rendered":"https:\/\/jankratochvil.com\/?page_id=6367"},"modified":"2020-05-08T14:31:55","modified_gmt":"2020-05-08T14:31:55","slug":"venkovni-fotografie-porovnani-stylu-jan-kratochvil-trebic","status":"publish","type":"page","link":"https:\/\/jankratochvil.com\/en\/venkovni-fotografie-porovnani-stylu-jan-kratochvil-trebic\/","title":{"rendered":"Venkovn\u00ed fotografie  &#8211; porovn\u00e1n\u00ed styl\u016f"},"content":{"rendered":"<h3><strong>Variac\u00ed gradac\u00ed barev je nespo\u010det. Vybral jsem ty, kter\u00e9 na m\u011b v exteri\u00e9ru p\u016fsob\u00ed p\u0159irozen\u011b v barv\u011b a \u010dernob\u00edl\u00e9 kombinaci.<br \/>\n<\/strong><\/h3>\n<p><strong>Lid\u00e9 maj\u00ed r\u00e1di p\u0159irozen\u00e9 pod\u00e1n\u00ed barev spole\u010dn\u011b s prolnut\u00edm barevn\u00e1ch efekt\u016f, kter\u00e9 vznikaj\u00ed p\u0159i focen\u00ed na klasick\u00fd film. U digit\u00e1ln\u00ed fotografie je t\u011bchto styl\u016f ohromn\u00e9 mno\u017estv\u00ed a z\u00e1le\u017e\u00ed na citu oka a vkusu, kter\u00e9 se pro ur\u010dit\u00e9 fotografie nap\u0159\u00edklad pro portr\u00e9t p\u0159irozen\u011b hod\u00ed.<\/strong><\/p>\n<p>N\u011bkdo m\u00e1 rad\u0161i m\u00e9n\u011b barevn\u00e9 sn\u00edmky v re\u00e1ln\u00fdch barv\u00e1, n\u011bkomu se l\u00edb\u00ed v\u00edce saturovan\u00e9 (syt\u00e9) barvy. N\u00ed\u017ee posu\u010fte sami a vyberte si, kter\u00fd styl fotografie v\u00e1m vyhovuje.<\/p>\n<p>Jsem samoz\u0159ejm\u011b naklon\u011bn l\u00e9pe p\u0159ipraven\u00fdm a vyfocen\u00fdm fotografi\u00edm ne\u017e n\u00e1sledn\u00fdm slo\u017eit\u00fdm a n\u011bkdy nezbytn\u00fdm retu\u0161\u00edm.<br \/>\n<strong>Digit\u00e1ln\u00ed fotografie fot\u00edm v\u011bt\u0161inou vynikaj\u00edc\u00edm fotoapar\u00e1tem <a href=\"https:\/\/fujifilm-x.com\/cs-cz\/products\/cameras\/x-t3\/\">Fujifilm X-T3<\/a>. <\/strong><br \/>\n<strong>Po\u0159\u00edzen\u00e9 zpracov\u00e1v\u00e1m v profesion\u00e1ln\u00edm n\u00e1stroji <a href=\"https:\/\/www.captureone.com\/en\/\">Capture One<\/a> pro aplikac\u00ed styl\u016f a pokud je t\u0159eba, tak n\u00e1sledn\u011b postprodukci v Adobe RAW\u00a0nebo\u00a0<a href=\"https:\/\/www.adobe.com\/cz\/products\/photoshop.html\">Adobe Photoshop<\/a>.<\/strong><\/p>\n<h4><strong>V p\u0159\u00edpad\u011b z\u00e1jmu o fotografov\u00e1n\u00ed mne m\u016f\u017eete pros\u00edm kontaktovat telefonicky nebo emailem. Focen\u00ed m\u016f\u017ee prob\u00edhat ve studiu nebo venku, prakticky kdekoliv.<\/strong><\/h4>\n<p><strong>Jan Kratochv\u00edl, +420 702 147 081, info(zavin\u00e1\u010d)jankratochvil.com<\/strong><\/p>\n<p>[twenty20 img1=&#8220;6364&#8243; img2=&#8220;6348&#8243; offset=&#8220;0.5&#8243; before=&#8220;P\u0159ed\/Before: Fujifilm Standard&#8220; after=&#8220;Po\/After: Kodak Ektar&#8220; hover=&#8220;true&#8220; width=&#8220;40%&#8220; align = &#8222;left&#8220;]<\/p>\n<p>[twenty20 img1=&#8220;6363&#8243; img2=&#8220;6347&#8243; offset=&#8220;0.5&#8243; before=&#8220;P\u0159ed\/Before: Fujifilm Standard&#8220; after=&#8220;Po\/After: Kodak Ektar&#8220; hover=&#8220;true&#8220; width=&#8220;40%&#8220; align = &#8222;right&#8220;]<\/p>\n<p>[twenty20 img1=&#8220;6364&#8243; img2=&#8220;6344&#8243; offset=&#8220;0.5&#8243; before=&#8220;P\u0159ed\/Before: Fujifilm Standard&#8220; after=&#8220;Po\/After: Kodak Ektar+Provia Standard&#8220; hover=&#8220;true&#8220; width=&#8220;40%&#8220; align = &#8222;left&#8220;]<\/p>\n<p>[twenty20 img1=&#8220;6363&#8243; img2=&#8220;6343&#8243; offset=&#8220;0.5&#8243; before=&#8220;P\u0159ed\/Before: Fujifilm Standard&#8220; after=&#8220;Po\/After: Kodak Ektar+Provia Standard&#8220; hover=&#8220;true&#8220; width=&#8220;40%&#8220; align = &#8222;right&#8220;]<\/p>\n<p>[twenty20 img1=&#8220;6364&#8243; img2=&#8220;6336&#8243; offset=&#8220;0.5&#8243; before=&#8220;P\u0159ed\/Before: Fujifilm Standard&#8220; after=&#8220;Po\/After: Kodak Ektar+Velvia Vivid&#8220; hover=&#8220;true&#8220; width=&#8220;40%&#8220; align = &#8222;left&#8220;]<\/p>\n<p>[twenty20 img1=&#8220;6363&#8243; img2=&#8220;6335&#8243; offset=&#8220;0.5&#8243; before=&#8220;P\u0159ed\/Before: Fujifilm Standard&#8220; after=&#8220;Po\/After: Kodak Ektar+Velvia Vivid&#8220; hover=&#8220;true&#8220; width=&#8220;40%&#8220; align = &#8222;right&#8220;]<\/p>\n<p>[twenty20 img1=&#8220;6364&#8243; img2=&#8220;6352&#8243; offset=&#8220;0.5&#8243; before=&#8220;P\u0159ed\/Before: Fujifilm Standard&#8220; after=&#8220;Po\/After: Kodak Ektar+ Fujifilm Acros&#8220; hover=&#8220;true&#8220; width=&#8220;40%&#8220; align = &#8222;left&#8220;]<\/p>\n<p>[twenty20 img1=&#8220;6363&#8243; img2=&#8220;6351&#8243; offset=&#8220;0.5&#8243; before=&#8220;P\u0159ed\/Before: Fujifilm Standard&#8220; after=&#8220;Po\/After: Kodak Ektar+Fujifilm Acros&#8220; hover=&#8220;true&#8220; width=&#8220;40%&#8220; align = &#8222;right&#8220;]<\/p>\n<p>[twenty20 img1=&#8220;6364&#8243; img2=&#8220;6329&#8243; offset=&#8220;0.5&#8243;before=&#8220;P\u0159ed\/Before: Fujifilm Standard&#8220; after=&#8220;Po\/After: Kodak Ektar+Kodak Tri-X-400&#8243; hover=&#8220;true&#8220; width=&#8220;40%&#8220; align = &#8222;left&#8220;]<\/p>\n<p>[twenty20 img1=&#8220;6363&#8243; img2=&#8220;6330&#8243; offset=&#8220;0.5&#8243;\u00a0before=&#8220;P\u0159ed\/Before: Fujifilm Standard&#8220; after=&#8220;Po\/After: Kodak Ektar+Kodak Tri-X-400&#8243; hover=&#8220;true&#8220; width=&#8220;40%&#8220; align = &#8222;right&#8220;]<\/p>\n<p>&nbsp;<\/p>\n<table style=\"height: 24px; width: 50%; border-collapse: collapse;\">\n<tbody>\n<tr style=\"height: 24px;\">\n<td style=\"width: 26.673397808379377%; height: 24px;\"><a href=\"https:\/\/fujifilm-x.com\/cs-cz\/\"><img decoding=\"async\" class=\"alignnone wp-image-6407\" src=\"https:\/\/jankratochvil.com\/wp-content\/uploads\/2020\/05\/Fujifilm_logo.png\" alt=\"Fujifilm\" width=\"116\" height=\"19\" \/><\/a><\/td>\n<td style=\"width: 73.32660219162062%; height: 24px;\"><a href=\"https:\/\/www.captureone.com\/en\/\"><img decoding=\"async\" class=\"wp-image-6392 alignnone\" src=\"https:\/\/jankratochvil.com\/wp-content\/uploads\/2020\/05\/captureone_logo_mono_positive__m-1024x233.png\" alt=\"Capture One\" width=\"132\" height=\"30\" \/><\/a><\/td>\n<\/tr>\n<\/tbody>\n<\/table>\n<p>&nbsp;<\/p>","protected":false},"excerpt":{"rendered":"<p>Variac\u00ed gradac\u00ed barev je nespo\u010det. Vybral jsem ty, kter\u00e9 na m\u011b v exteri\u00e9ru p\u016fsob\u00ed p\u0159irozen\u011b v barv\u011b a \u010dernob\u00edl\u00e9 kombinaci. Lid\u00e9 maj\u00ed r\u00e1di p\u0159irozen\u00e9 pod\u00e1n\u00ed barev spole\u010dn\u011b s prolnut\u00edm barevn\u00e1ch efekt\u016f, kter\u00e9 vznikaj\u00ed p\u0159i focen\u00ed na klasick\u00fd film. U digit\u00e1ln\u00ed [&hellip;]<\/p>","protected":false},"author":1,"featured_media":6410,"parent":0,"menu_order":0,"comment_status":"closed","ping_status":"closed","template":"","meta":{"_eb_attr":"","footnotes":""},"class_list":["post-6367","page","type-page","status-publish","has-post-thumbnail","hentry"],"_links":{"self":[{"href":"https:\/\/jankratochvil.com\/en\/wp-json\/wp\/v2\/pages\/6367","targetHints":{"allow":["GET"]}}],"collection":[{"href":"https:\/\/jankratochvil.com\/en\/wp-json\/wp\/v2\/pages"}],"about":[{"href":"https:\/\/jankratochvil.com\/en\/wp-json\/wp\/v2\/types\/page"}],"author":[{"embeddable":true,"href":"https:\/\/jankratochvil.com\/en\/wp-json\/wp\/v2\/users\/1"}],"replies":[{"embeddable":true,"href":"https:\/\/jankratochvil.com\/en\/wp-json\/wp\/v2\/comments?post=6367"}],"version-history":[{"count":0,"href":"https:\/\/jankratochvil.com\/en\/wp-json\/wp\/v2\/pages\/6367\/revisions"}],"wp:featuredmedia":[{"embeddable":true,"href":"https:\/\/jankratochvil.com\/en\/wp-json\/wp\/v2\/media\/6410"}],"wp:attachment":[{"href":"https:\/\/jankratochvil.com\/en\/wp-json\/wp\/v2\/media?parent=6367"}],"curies":[{"name":"wp","href":"https:\/\/api.w.org\/{rel}","templated":true}]}}

Venkovní fotografie  &#8211; porovnání stylů

<h3><strong>Variací gradací barev je nespočet. Vybral jsem ty, které na mě v exteriéru působí přirozeně v barvě a černobílé kombinaci.<br />
</strong></h3>
<p><strong>Lidé mají rádi přirozené podání barev společně s prolnutím barevnách efektů, které vznikají při focení na klasický film. U digitální fotografie je těchto stylů ohromné množství a záleží na citu oka a vkusu, které se pro určité fotografie například pro portrét přirozeně hodí.</strong></p>
<p>Někdo má radši méně barevné snímky v reálných barvá, někomu se líbí více saturované (syté) barvy. Níže posuďte sami a vyberte si, který styl fotografie vám vyhovuje.</p>
<p>Jsem samozřejmě nakloněn lépe připraveným a vyfoceným fotografiím než následným složitým a někdy nezbytným retuším.<br />
<strong>Digitální fotografie fotím většinou vynikajícím fotoaparátem <a href="https://fujifilm-x.com/cs-cz/products/cameras/x-t3/">Fujifilm X-T3</a>. </strong><br />
<strong>Pořízené zpracovávám v profesionálním nástroji <a href="https://www.captureone.com/en/">Capture One</a> pro aplikací stylů a pokud je třeba, tak následně postprodukci v Adobe RAW nebo <a href="https://www.adobe.com/cz/products/photoshop.html">Adobe Photoshop</a>.</strong></p>
<h4><strong>V případě zájmu o fotografování mne můžete prosím kontaktovat telefonicky nebo emailem. Focení může probíhat ve studiu nebo venku, prakticky kdekoliv.</strong></h4>
<p><strong>Jan Kratochvíl, +420 702 147 081, info(zavináč)jankratochvil.com</strong></p>
<p>[twenty20 img1=&#8220;6364&#8243; img2=&#8220;6348&#8243; offset=&#8220;0.5&#8243; before=&#8220;Před/Before: Fujifilm Standard&#8220; after=&#8220;Po/After: Kodak Ektar&#8220; hover=&#8220;true&#8220; width=&#8220;40%&#8220; align = &#8222;left&#8220;]</p>
<p>[twenty20 img1=&#8220;6363&#8243; img2=&#8220;6347&#8243; offset=&#8220;0.5&#8243; before=&#8220;Před/Before: Fujifilm Standard&#8220; after=&#8220;Po/After: Kodak Ektar&#8220; hover=&#8220;true&#8220; width=&#8220;40%&#8220; align = &#8222;right&#8220;]</p>
<p>[twenty20 img1=&#8220;6364&#8243; img2=&#8220;6344&#8243; offset=&#8220;0.5&#8243; before=&#8220;Před/Before: Fujifilm Standard&#8220; after=&#8220;Po/After: Kodak Ektar+Provia Standard&#8220; hover=&#8220;true&#8220; width=&#8220;40%&#8220; align = &#8222;left&#8220;]</p>
<p>[twenty20 img1=&#8220;6363&#8243; img2=&#8220;6343&#8243; offset=&#8220;0.5&#8243; before=&#8220;Před/Before: Fujifilm Standard&#8220; after=&#8220;Po/After: Kodak Ektar+Provia Standard&#8220; hover=&#8220;true&#8220; width=&#8220;40%&#8220; align = &#8222;right&#8220;]</p>
<p>[twenty20 img1=&#8220;6364&#8243; img2=&#8220;6336&#8243; offset=&#8220;0.5&#8243; before=&#8220;Před/Before: Fujifilm Standard&#8220; after=&#8220;Po/After: Kodak Ektar+Velvia Vivid&#8220; hover=&#8220;true&#8220; width=&#8220;40%&#8220; align = &#8222;left&#8220;]</p>
<p>[twenty20 img1=&#8220;6363&#8243; img2=&#8220;6335&#8243; offset=&#8220;0.5&#8243; before=&#8220;Před/Before: Fujifilm Standard&#8220; after=&#8220;Po/After: Kodak Ektar+Velvia Vivid&#8220; hover=&#8220;true&#8220; width=&#8220;40%&#8220; align = &#8222;right&#8220;]</p>
<p>[twenty20 img1=&#8220;6364&#8243; img2=&#8220;6352&#8243; offset=&#8220;0.5&#8243; before=&#8220;Před/Before: Fujifilm Standard&#8220; after=&#8220;Po/After: Kodak Ektar+ Fujifilm Acros&#8220; hover=&#8220;true&#8220; width=&#8220;40%&#8220; align = &#8222;left&#8220;]</p>
<p>[twenty20 img1=&#8220;6363&#8243; img2=&#8220;6351&#8243; offset=&#8220;0.5&#8243; before=&#8220;Před/Before: Fujifilm Standard&#8220; after=&#8220;Po/After: Kodak Ektar+Fujifilm Acros&#8220; hover=&#8220;true&#8220; width=&#8220;40%&#8220; align = &#8222;right&#8220;]</p>
<p>[twenty20 img1=&#8220;6364&#8243; img2=&#8220;6329&#8243; offset=&#8220;0.5&#8243;before=&#8220;Před/Before: Fujifilm Standard&#8220; after=&#8220;Po/After: Kodak Ektar+Kodak Tri-X-400&#8243; hover=&#8220;true&#8220; width=&#8220;40%&#8220; align = &#8222;left&#8220;]</p>
<p>[twenty20 img1=&#8220;6363&#8243; img2=&#8220;6330&#8243; offset=&#8220;0.5&#8243; before=&#8220;Před/Before: Fujifilm Standard&#8220; after=&#8220;Po/After: Kodak Ektar+Kodak Tri-X-400&#8243; hover=&#8220;true&#8220; width=&#8220;40%&#8220; align = &#8222;right&#8220;]</p>
<p>&nbsp;</p>
<table style="height: 24px; width: 50%; border-collapse: collapse;">
<tbody>
<tr style="height: 24px;">
<td style="width: 26.673397808379377%; height: 24px;"><a href="https://fujifilm-x.com/cs-cz/"><img decoding="async" class="alignnone wp-image-6407" src="https://jankratochvil.com/wp-content/uploads/2020/05/Fujifilm_logo.png" alt="Fujifilm" width="116" height="19" /></a></td>
<td style="width: 73.32660219162062%; height: 24px;"><a href="https://www.captureone.com/en/"><img decoding="async" class="wp-image-6392 alignnone" src="https://jankratochvil.com/wp-content/uploads/2020/05/captureone_logo_mono_positive__m-1024x233.png" alt="Capture One" width="132" height="30" /></a></td>
</tr>
</tbody>
</table>
<p>&nbsp;</p>

<p>Variací gradací barev je nespočet. Vybral jsem ty, které na mě v exteriéru působí přirozeně v barvě a černobílé kombinaci. Lidé mají rádi přirozené podání barev společně s prolnutím barevnách efektů, které vznikají při focení na klasický film. U digitální [&hellip;]</p>
